hat is the remainder when 9940 is divided by 1943?
225
What is the remainder when 303380 is divided by 33708?
8
Calculate the remainder when 63195 is divided by 21.
6
What is the remainder when 34726 is divided by 230?
226
What is the remainder when 58651 is divided by 43?
42
What is the remainder when 36942 is divided by 182?
178
Calculate the remainder when 13409 is divided by 312.
305
What is the remainder when 31936 is divided by 33?
25
What is the remainder when 3254 is divided by 8?
6
What is the remainder when 319391 is divided by 321?
317
What is the remainder when 23436 is divided by 5846?
52
What is the remainder when 406009 is divided by 67668?
1
What is the remainder when 958 is divided by 539?
419
What is the remainder when 298491 is divided by 149243?
5
Calculate the remainder when 36122 is divided by 35.
2
Calculate the remainder when 3439 is divided by 214.
15
Calculate the remainder when 314146 is divided by 230.
196
What is the remainder when 82812 is divided by 74?
6
What is the remainder when 485732 is divided by 652?
644
What is the remainder when 7106 is divided by 3232?
642
What is the remainder when 16093 is divided by 161?
154
Calculate the remainder when 107955 is divided by 10795.
5
Calculate the remainder when 1161 is divided by 251.
157
What is the remainder when 25560 is divided by 1322?
442
What is the remainder when 4990 is divided by 152?
126
What is the remainder when 409214 is divided by 25?
14
Calculate the remainder when 15576 is divided by 218.
98
What is the remainder when 177461 is divided by 48?
5
Calculate the remainder when 13164 is divided by 67.
32
What is the remainder when 29752 is divided by 544?
376
Calculate the remainder when 1285 is divided by 186.
169
What is the remainder when 17882 is divided by 35?
32
Calculate the remainder when 149795 is divided by 63.
44
What is the remainder when 56723 is divided by 18906?
5
Calculate the remainder when 79474 is divided by 537.
535
Calculate the remainder when 7999 is divided by 230.
179
What is the remainder when 650229 is divided by 13?
8
Calculate the remainder when 43441 is divided by 3.
1
What is the remainder when 2122 is divided by 706?
4
Calculate the remainder when 206330 is divided by 41.
18
What is the remainder when 5490 is divided by 221?
186
What is the remainder when 24414 is divided by 9?
6
Calculate the remainder when 107947 is divided by 223.
15
Calculate the remainder when 1415 is divided by 312.
167
Calculate the remainder when 29463 is divided by 293.
163
Calculate the remainder when 347158 is divided by 526.
524
What is the remainder when 3612 is divided by 630?
462
Calculate the remainder when 183959 is divided by 511.
510
Calculate the remainder when 1482393 is divided by 65.
3
What is the remainder when 58528 is divided by 941?
186
Calculate the remainder when 71656 is divided by 280.
256
What is the remainder when 411 is divided by 198?
15
Calculate the remainder when 61828 is divided by 15.
13
Calculate the remainder when 548176 is divided by 422.
420
Calculate the remainder when 115632 is divided by 28903.
20
Calculate the remainder when 17857 is divided by 21.
7
Calculate the remainder when 7087 is divided by 394.
389
What is the remainder when 446312 is divided by 2156?
20
Calculate the remainder when 1348 is divided by 135.
133
Calculate the remainder when 2586 is divided by 869.
848
Calculate the remainder when 2158 is divided by 125.
33
Calculate the remainder when 1171123 is divided by 135.
133
What is the remainder when 184210 is divided by 89?
69
What is the remainder when 72476 is divided by 32?
28
Calculate the remainder when 58600 is divided by 21.
10
Calculate the remainder when 37563 is divided by 9381.
39
What is the remainder when 137317 is divided by 34308?
85
What is the remainder when 145779 is divided by 17?
4
What is the remainder when 4224 is divided by 752?
464
Calculate the remainder when 3752 is divided by 773.
660
Calculate the remainder when 1376894 is divided by 921.
920
Calculate the remainder when 1308 is divided by 905.
403
What is the remainder when 9450 is divided by 362?
38
What is the remainder when 5134 is divided by 184?
166
What is the remainder when 2695 is divided by 225?
220
Calculate the remainder when 3014 is divided by 128.
70
Calculate the remainder when 18846 is divided by 9342.
162
What is the remainder when 6025 is divided by 669?
4
Calculate the remainder when 76432 is divided by 25470.
22
What is the remainder when 1118 is divided by 324?
146
What is the remainder when 43855 is divided by 5481?
7
Calculate the remainder when 29333 is divided by 450.
83
Calculate the remainder when 4725 is divided by 1295.
840
Calculate the remainder when 216789 is divided by 12.
9
Calculate the remainder when 152488 is divided by 130.
128
What is the remainder when 14758 is divided by 75?
58
Calculate the remainder when 6334 is divided by 24.
22
What is the remainder when 10770 is divided by 129?
63
Calculate the remainder when 7016 is divided by 110.
86
Calculate the remainder when 4433 is divided by 1473.
14
Calculate the remainder when 22612 is divided by 502.
22
What is the remainder when 534495 is divided by 53?
43
What is the remainder when 4277 is divided by 555?
392
Calculate the remainder when 253876 is divided by 440.
436
Calculate the remainder when 1305 is divided by 276.
201
What is the remainder when 3058 is divided by 1507?
44
Calculate the remainder when 41484 is divided by 261.
246
What is the remainder when 16323 is divided by 43?
26
What is the remainder when 4336 is divided by 189?
178
What is the remainder when 1725 is divided by 99?
42
Calculate the remainder when 14197 is divided by 65.
27
What is the remainder when 99594 is divided by 30?
24
What is the remainder when 11240 is divided by 2801?
36
What is the remainder when 98940 is divided by 88?
28
Calculate the remainder when 41232 is divided by 52.
48
Calculate the remainder when 61945 is divided by 825.
70
Calculate the remainder when 2194 is divided by 986.
222
Calculate the remainder when 58236 is divided by 19409.
9
Calculate the remainder when 3719096 is divided by 42.
38
What is the remainder when 7136 is divided by 53?
34
What is the remainder when 2896 is divided by 412?
12
What is the remainder when 151277 is divided by 15118?
97
Calculate the remainder when 146174 is divided by 20880.
14
What is the remainder when 131917 is divided by 170?
167
What is the remainder when 31235 is divided by 31224?
11
What is the remainder when 21228 is divided by 13?
12
What is the remainder when 69686 is divided by 9955?
1
Calculate the remainder when 17646 is divided by 236.
182
Calculate the remainder when 2466 is divided by 58.
30
Calculate the remainder when 4967393 is divided by 82.
79
What is the remainder when 326410 is divided by 814?
810
What is the remainder when 8880 is divided by 36?
24
Calculate the remainder when 1614 is divided by 81.
75
Calculate the remainder when 4365 is divided by 83.
49
Calculate the remainder when 9100 is divided by 697.
39
What is the remainder when 1322 is divided by 405?
107
Calculate the remainder when 52040 is divided by 33.
32
Calculate the remainder when 160148 is divided by 633.
632
Calculate the remainder when 2882 is divided by 46.
30
What is the remainder when 167607 is divided by 18?
9
Calculate the remainder when 15332 is divided by 1013.
137
Calculate the remainder when 4023 is divided by 144.
135
What is the remainder when 27075 is divided by 16?
3
What is the remainder when 662022 is divided by 291?
288
Calculate the remainder when 52820 is divided by 322.
12
What is the remainder when 1385628 is divided by 697?
689
Calculate the remainder when 3877 is divided by 1291.
4
Calculate the remainder when 1504 is divided by 96.
64
What is the remainder when 1279 is divided by 440?
399
What is the remainder when 154014 is divided by 1273?
1254
What is the remainder when 62793 is divided by 54?
45
Calculate the remainder when 16473 is divided by 916.
901
Calculate the remainder when 123913 is divided by 1511.
11
What is the remainder when 5977 is divided by 1991?
4
Calculate the remainder when 22463 is divided by 1402.
31
What is the remainder when 2429 is divided by 228?
